ed by 11?
8
Let l be (-1)/(1/((-10)/5)) - -350. Suppose l = 10*i - 2*i. What is the remainder when i is divided by 25?
19
Let l = -989 + 3685. Calculate the remainder when l is divided by 20.
16
Let b(a) = -a**3 + 15*a**2 - 39*a + 194. What is the remainder when 432 is divided by b(13)?
7
Let j(m) = 2096*m**2 + 1201*m - 1201. Calculate the remainder when j(1) is divided by 695.
11
Let h = -5677 + 6222. What is the remainder when h is divided by 132?
17
Let q(k) = -k**2 + 25*k - 4. Let h be q(25). What is the remainder when 97 is divided by (h/(-10))/((-11)/(-385))?
13
Suppose 0 = 5*o + 62*o - 2747. Calculate the remainder when o is divided by 4.
1
Let h(j) be the second derivative of j**4/12 - 8*j**3/3 + 87*j**2/2 + 7*j - 2. What is the remainder when 277 is divided by h(15)?
61
Let w be 17/(-153) + (-56)/(-18). Suppose w*b - 4*m - 84 = 0, -6 = -2*b - 2*m + 36. Calculate the remainder when 118 is divided by b.
22
Suppose 179*q - 5 = 180*q. What is the remainder when 71 is divided by (-1 - q)*18*7/21?
23
Suppose 59 + 33 = 2*m + 4*k, -4*m + 5*k + 197 = 0. Let z(l) = -4*l**2 + 183*l - 1894. Calculate the remainder when z(25) is divided by m.
37
Let k(c) = 4*c**2 - 3*c + 2. Let o be 1*(-6 - (3 + -4)). What is the remainder when k(o) is divided by ((-7)/(-7))/(1/20)?
17
Let k = -19 + 39. Let z(q) = 3*q - 66. Let j be z(19). What is the remainder when 1*(j - (-588)/7) is divided by k?
15
What is the remainder when 1494 is divided by (4 - (0 - 200/(-32)))*664/(-6)?
0
Suppose -73*f + 70*f - 300 = 0. What is the remainder when 43 is divided by (-5)/15*6*f/8?
18
Let j = 18 - 7. What is the remainder when ((-8)/10)/(20*15/(-461250)) is divided by j?
9
Let f = 61 - 53. Let y be -2*(-1 + 4 + 19/(-2)). What is the remainder when f is divided by ((-1)/(-2))/(y/6 + -2)?
2
Suppose -26895 = -40*x + 135025. Calculate the remainder when x is divided by 1009.
12
Let j = -36194 - -38135. What is the remainder when j is divided by 195?
186
Suppose 0 = 242*x - 236*x. Suppose x = 12*r - 264 + 24. What is the remainder when 119 is divided by r?
19
Suppose -4*q + 2*l + l + 5258 = 0, -q = l - 1318. Calculate the remainder when q is divided by 60.
56
Calculate the remainder when (-32)/(-8) - (-45 - 1) is divided by 2 + (11 - (-4 + 0)).
16
Suppose -110566 = -39*w + 249674 - 116373. What is the remainder when w is divided by 34?
31
Let n = 18540 + -14396. What is the remainder when n is divided by 25?
19
Suppose 413*q - 3971 - 5511 = 402*q. What is the remainder when 1728 is divided by q?
4
Suppose 36*d - 35*d = 430. Suppose -2*n = -5*b - 6*n + d, 3*n - 97 = -b. What is the remainder when b is divided by (34/4)/(1/2)?
14
Let a(w) = -4*w**3 - w**2. Suppose 195 = 2*r + p, 13*r + 275 = 16*r + 5*p. Suppose -c = -r - 11. What is the remainder when c is divided by a(-2)?
27
Let u(f) = f**3 - 41*f**2 + 315*f - 1. Calculate the remainder when u(31) is divided by 73.
8
Let l(g) = g**3 + 39*g**2 - 10*g + 47. Let x be l(-39). Suppose -3*n + 26*n = x. Calculate the remainder when 91 is divided by n.
15
Let t = 6389 - 6053. What is the remainder when t is divided by 88?
72
Suppose 5*n - 659 = -f, 5*n - 664 = 840*f - 836*f. Suppose 4*v = 214 - 22. What is the remainder when n is divided by v?
36
Let h(v) = -v**2 - v - 1. Let a be h(4). Let w = 603 - 497. Let t = w + a. Calculate the remainder when t is divided by 22.
19
Let n(o) = -2 - 13 + 3*o**3 - 256*o**2 + 15*o + 248*o**2. Let q = 11 - 6. Calculate the remainder when n(q) is divided by 34.
31
Let n be 24/40 - (4114/(-10) + -2). Let z = 1040 - n. What is the remainder when z is divided by 17?
14
Suppose -8*t + 403 = -118 - 431. What is the remainder when t is divided by 37?
8
Suppose -84*c - 53 + 389 = 0. Let v be 1*0/(4/2). Suppose -5*u = -c*r + 37, v = -4*u + 4 + 8. What is the remainder when 31 is divided by r?
5
Let o be 696/(-10)*(0 - 15). Let u be o/26 - (-2)/(-13). Suppose 0 = 9*k - u - 113. Calculate the remainder when 66 is divided by k.
15
Calculate the remainder when (6 + (-182)/35)/(4 + 3836/(-960)) is divided by 186.
6
Suppose -18 = -4*g + 26. Let v(f) = 4*f + 13. Let i be v(-2). Let b(w) = -w + 34. What is the remainder when b(i) is divided by g?
7
Suppose 2*g + 8*g - 320 = 0. Suppose 11 = -2*m + 13. What is the remainder when (4*(-1)/8)/(m/(-380)) is divided by g?
30
Let l(c) = c - 14. Calculate the remainder when l(19) is divided by (33/154)/(12/(-14))*-4.
0
Let q(x) = -x**2 + 38*x - 102. Let p(h) = 2*h - 2. Let n(m) = 4*p(m) - q(m). Calculate the remainder when n(27) is divided by 5.
3
Let p(y) = -y + 11. Let o(n) = -2*n**3 - n**2 + 2*n - 4. Let w be o(-3). Let g = 43 - w. What is the remainder when g is divided by p(6)?
3
Suppose 5 = 5*o, 6*q - 3*q + 5*o = 1160. What is the remainder when q is divided by 124?
13
Let t(d) = 12*d - 109. What is the remainder when t(38) is divided by 84?
11
Calculate the remainder when 1004 is divided by ((81/5)/3)/(72/4440).
5
Let a(c) = -c**3 + 36*c**2 + 160*c + 57. What is the remainder when 65 is divided by a(40)?
8
Let b(x) = -x**3 + 4*x**2 + 2*x - 7. Let c be b(4). Suppose -10*o = -11*o + c. Calculate the remainder when 20 is divided by (-12)/(2/(-1)*o).
2
What is the remainder when 249812/1140 - 4/30 is divided by 57?
48
Let n(y) be the third derivative of -y**4/24 + 23*y**3/6 + 10*y**2. Let g(k) = -6*k - 58. What is the remainder when g(-15) is divided by n(12)?
10
Suppose -10*c + 5 = -9*c. Suppose 0 = c*f + 9 - 44. Calculate the remainder when 26/(-4)*(-66)/11 is divided by f.
4
Suppose -3*d + 35 - 8 = 0. Let m be 3 - (9/5)/(21/(-70)). Calculate the remainder when m/(-2)*(-15 + d) is divided by 15.
12
Let j(p) be the first derivative of -p**3/3 + p**2/2 + 6*p - 1. What is the remainder when 43 is divided by j(2)?
3
Calculate the remainder when 78 is divided by ((-3)/(-3))/(((-1)/42)/(-1)).
36
Let o = 25 - 99. What is the remainder when o/(-4) + 1/2 is divided by 12?
7
Let k be 9/(81/(-6))*45. Calculate the remainder when 78 is divided by 5/(75/(-5))*k.
8
Let z = -353 - -348. What is the remainder when 61 is divided by (z - -7)/(6/51)?
10
Let m(l) = -889*l - 245. Calculate the remainder when m(-1) is divided by 34.
32
Let v(w) = 2*w**3 + 102*w**2 - 31*w - 1559. Let m(l) = -9*l - 8. What is the remainder when m(-6) is divided by v(-51)?
2
Suppose -24*o + 10373 = -3643. Calculate the remainder when o is divided by 45.
44
Suppose -106 = 2*w + 5*t - 440, 5*t = -4*w + 668. What is the remainder when 1332 is divided by w?
163
What is the remainder when (-2 + (7 - (-74)/(-6)))*(2 - 62) is divided by 26?
24
Suppose -631 = -d + 3*b, -3*b = 3*d - 1002 - 843. Let z = d + -541. Calculate the remainder when 466 is divided by z.
76
Suppose 16*g - 12 = 4*g. Let x(w) = 43*w**2 + w + 1. Calculate the remainder when x(g) is divided by 8.
5
Let n(j) = j**3 - 6*j**2 + 8*j + 8. Let v be (-3)/7 - (-3)/7. Suppose 2*s - 2 - 10 = v. What is the remainder when n(4) is divided by s?
2
Suppose 0 = -8*l - 3774 + 14830. What is the remainder when (-34)/(-187) + l/22 is divided by 14?
7
Let f(k) = -585*k - 7647. Calculate the remainder when f(-15) is divided by 20.
8
Suppose -2*g - 3*i - i + 30 = 0, -3*g - 3 = -2*i. Calculate the remainder when 77 is divided by g.
2
Let c(k) be the third derivative of -k**4/12 + 2*k**3/3 + 19*k**2. Let p = -20 - -77. What is the remainder when p is divided by c(-8)?
17
Suppose 0 = 6*h - 50*h + 2640. Calculate the remainder when 10077 is divided by h.
57
Let w = 12718 + -12702. Let z be (198/3)/((-3)/(-2)). Calculate the remainder when 26 is divided by 17 - 0*(3 - z/w).
9
Let n(i) = 912*i - 2801. Calculate the remainder when n(4) is divided by 21.
7
Suppose -103 = -2*i + 3*l + 2*l, 0 = -3*l - 15. Let r = 39 - i. Suppose r = -2*z - s + 69, z = s - 2*s + 35. What is the remainder when z is divided by 8?
2
Suppose 4*c = -5*q + 470, 21*c - 23*c = 3*q - 236. What is the remainder when 887 is divided by c?
82
Let d(i) = -i**2 + 25*i + 665. What is the remainder when d(40) is divided by 14?
9
Let i(y) = -y**3 + 9*y**2 - 6*y - 22. Let p be i(8). Calculate the remainder when (p - -1) + 0 + 24 is divided by 7.
5
Let f = -5832 + 5881. What is the remainder when 188 is divided by f?
41
Let n(b) = -74*b + 2. Let c be 1*((-3)/1 + 4)*1. Let w be n(c). Let g = 75 + w. Calculate the remai